{"id":2,"date":"2022-07-13T15:24:42","date_gmt":"2022-07-13T15:24:42","guid":{"rendered":"http:\/\/stroke-omi3.ehss\/?page_id=2"},"modified":"2022-12-12T13:14:19","modified_gmt":"2022-12-12T13:14:19","slug":"sample-page","status":"publish","type":"page","link":"https:\/\/stroke.betegregiszter.hu\/?page_id=2","title":{"rendered":"Jogszab\u00e1lyi h\u00e1tt\u00e9r"},"content":{"rendered":"\n<p><strong><u>Regiszter m\u0171k\u00f6d\u00e9st meghat\u00e1roz\u00f3 jogszab\u00e1lyok:<\/u><\/strong><\/p>\n\n\n\n<ul class=\"wp-block-list\">\n<li><a rel=\"noreferrer noopener\" href=\"https:\/\/net.jogtar.hu\/jogszabaly?docid=99700154.tv\" target=\"_blank\">1997. \u00e9vi CLIV. t\u00f6rv\u00e9ny<\/a> [ E\u00fctv. ] az eg\u00e9szs\u00e9g\u00fcgyr\u0151l<\/li>\n<\/ul>\n\n\n\n<blockquote class=\"wp-block-quote is-layout-flow wp-block-quote-is-layout-flow\">\n<ul class=\"wp-block-list\">\n<li><a rel=\"noreferrer noopener\" href=\"https:\/\/net.jogtar.hu\/jogszabaly?docid=99700047.tv\" target=\"_blank\">1997. \u00e9vi XLVII. t\u00f6rv\u00e9ny<\/a><\/li>\n<\/ul>\n\n\n\n<p>az eg\u00e9szs\u00e9g\u00fcgyi \u00e9s a hozz\u00e1juk kapcsol\u00f3d\u00f3 szem\u00e9lyes adatok kezel\u00e9s\u00e9r\u0151l \u00e9s v\u00e9delm\u00e9r\u0151l<\/p>\n<\/blockquote>\n\n\n\n<p><\/p>\n\n\n\n<blockquote class=\"wp-block-quote is-layout-flow wp-block-quote-is-layout-flow\">\n<ul class=\"wp-block-list\">\n<li><a rel=\"noreferrer noopener\" href=\"https:\/\/net.jogtar.hu\/jogszabaly?docid=A1800049.EMM\" target=\"_blank\">49\/2018. (XII. 28.) EMMI rendelet<\/a><\/li>\n<\/ul>\n\n\n\n<p>A n\u00e9peg\u00e9szs\u00e9g\u00fcgyi szempontb\u00f3l kiemelt jelent\u0151s\u00e9g\u0171 vagy egy\u00e9bk\u00e9nt jelent\u0151s k\u00f6lts\u00e9gteherrel j\u00e1r\u00f3 megbeteged\u00e9sek k\u00f6r\u00e9r\u0151l, a megbeteged\u00e9seket nyilv\u00e1ntart\u00f3 betegs\u00e9gregisztert vezet\u0151 szerv kijel\u00f6l\u00e9s\u00e9r\u0151l, valamint ezen megbeteged\u00e9sek bejelent\u00e9s\u00e9re \u00e9s nyilv\u00e1ntart\u00e1s\u00e1ra vonatkoz\u00f3 r\u00e9szletes szab\u00e1lyokr\u00f3l<\/p>\n<\/blockquote>\n\n\n\n<p><\/p>\n","protected":false},"excerpt":{"rendered":"<p>Regiszter m\u0171k\u00f6d\u00e9st meghat\u00e1roz\u00f3 jogszab\u00e1lyok:<\/p>\n","protected":false},"author":1,"featured_media":0,"parent":0,"menu_order":0,"comment_status":"closed","ping_status":"open","template":"","meta":{"footnotes":""},"class_list":["post-2","page","type-page","status-publish","hentry"],"_links":{"self":[{"href":"https:\/\/stroke.betegregiszter.hu\/index.php?rest_route=\/wp\/v2\/pages\/2","targetHints":{"allow":["GET"]}}],"collection":[{"href":"https:\/\/stroke.betegregiszter.hu\/index.php?rest_route=\/wp\/v2\/pages"}],"about":[{"href":"https:\/\/stroke.betegregiszter.hu\/index.php?rest_route=\/wp\/v2\/types\/page"}],"author":[{"embeddable":true,"href":"https:\/\/stroke.betegregiszter.hu\/index.php?rest_route=\/wp\/v2\/users\/1"}],"replies":[{"embeddable":true,"href":"https:\/\/stroke.betegregiszter.hu\/index.php?rest_route=%2Fwp%2Fv2%2Fcomments&post=2"}],"version-history":[{"count":6,"href":"https:\/\/stroke.betegregiszter.hu\/index.php?rest_route=\/wp\/v2\/pages\/2\/revisions"}],"predecessor-version":[{"id":158,"href":"https:\/\/stroke.betegregiszter.hu\/index.php?rest_route=\/wp\/v2\/pages\/2\/revisions\/158"}],"wp:attachment":[{"href":"https:\/\/stroke.betegregiszter.hu\/index.php?rest_route=%2Fwp%2Fv2%2Fmedia&parent=2"}],"curies":[{"name":"wp","href":"https:\/\/api.w.org\/{rel}","templated":true}]}}